omposite number?
True
Is 22892239 a composite number?
True
Is 59438258959 prime?
False
Is 68376927011 a prime number?
True
Is 1222540301 a composite number?
False
Is 78391062551 a prime number?
True
Is 515777621 prime?
True
Is 1021660403 prime?
True
Is 13628474947 prime?
False
Is 41757608881 a composite number?
False
Is 36498508193 a composite number?
True
Is 2982722081 a prime number?
False
Is 73404365447 a prime number?
False
Is 12402856721 a prime number?
True
Is 24349629107 a composite number?
True
Is 300263057 a composite number?
False
Is 1823785003 composite?
True
Is 11216231931 a prime number?
False
Is 1955133751 a prime number?
True
Is 18889014343 a composite number?
False
Is 95924821 a prime number?
True
Is 941926961 prime?
False
Is 13279037 composite?
True
Is 2245343917 a prime number?
False
Is 401600681 prime?
True
Is 939793187 prime?
True
Is 48938399 a composite number?
True
Is 9411763087 a composite number?
False
Is 753765251 composite?
False
Is 409780367 a prime number?
True
Is 2044547641 prime?
True
Is 17184170623 prime?
True
Is 3164527153 composite?
False
Is 44716381 a composite number?
True
Is 147924738691 composite?
False
Is 4784905121 a prime number?
True
Is 30487103539 a prime number?
True
Is 1073355713 a prime number?
True
Is 20106295397 a prime number?
True
Is 19323112931 a composite number?
True
Is 150075521 composite?
False
Is 76497257867 a prime number?
True
Is 688009643 composite?
True
Is 426292729 composite?
False
Is 2764160573 a composite number?
False
Is 2117390071 prime?
True
Is 1708241377 a composite number?
True
Is 134274953 composite?
False
Is 4497794263 prime?
False
Is 12220960751 a composite number?
False
Is 25623892237 composite?
True
Is 32185124009 a prime number?
True
Is 10615367423 a composite number?
False
Is 49154420089 prime?
False
Is 1635635531 composite?
False
Is 7142750983 a prime number?
True
Is 1922119489 a prime number?
True
Is 661472531 a prime number?
True
Is 2887699163 composite?
False
Is 6037232417 a prime number?
True
Is 14591405027 composite?
False
Is 125456033 a prime number?
False
Is 10956890831 composite?
True
Is 1373541473 prime?
False
Is 18783024977 a composite number?
False
Is 17741801141 a prime number?
True
Is 10098126959 a prime number?
False
Is 181059817 prime?
False
Is 1180099 prime?
True
Is 1304497673 a composite number?
False
Is 412115797 prime?
False
Is 2158636769 a composite number?
False
Is 3295378369 a prime number?
True
Is 100867981937 a composite number?
False
Is 35466375193 a composite number?
False
Is 81129400057 prime?
False
Is 36494470385 a prime number?
False
Is 11493246029 prime?
True
Is 7676378693 prime?
False
Is 4386500231 a composite number?
False
Is 3681047351 prime?
False
Is 391132263 prime?
False
Is 9433381339 prime?
False
Is 181344528619 a prime number?
True
Is 391634149 prime?
True
Is 591921569 a prime number?
False
Is 10480121227 prime?
True
Is 5416173013 a composite number?
False
Is 376152403 prime?
False
Is 2891641639 composite?
True
Is 3862970737 a prime number?
False
Is 24993615137 a prime number?
False
Is 2025200263 prime?
False
Is 93267847417 prime?
False
Is 465460717 composite?
False
Is 50371823339 composite?
True
Is 48644875163 prime?
False
Is 18857376379 composite?
False
Is 531587311 prime?
True
Is 11621694583 composite?
True
Is 377731862 prime?
False
Is 4250034583 a prime number?
True
Is 2606018721 a composite number?
True
Is 1401627233 prime?
True
Is 41765567 a prime number?
False
Is 521090051 a prime number?
True
Is 650225701 a composite number?
True
Is 9415611833 prime?
True
Is 3261667187 a prime number?
True
Is 868666517 a composite number?
True
Is 353970641 composite?
False
Is 30569670847 prime?
False
Is 113698967 a composite number?
False
Is 1302680194 prime?
False
Is 27333647039 prime?
False
Is 851802361 composite?
True
Is 33151816655 a composite number?
True
Is 37607335033 a prime number?
True
Is 126298861 composite?
True
Is 2027000779 composite?
True
Is 528631057 a prime number?
False
Is 1085724943 a composite number?
False
Is 108475651 a prime number?
False
Is 18858452843 prime?
False
Is 176352793 a prime number?
False
Is 1529334761 a composite number?
False
Is 5442993509 a prime number?
True
Is 29354978477 a prime number?
False
Is 225283771 prime?
False
Is 175010019637 a prime number?
True
Is 654926761 composite?
False
Is 412570525609 prime?
False
Is 346493437 prime?
False
Is 2387743399 a composite number?
True
Is 52991948381 prime?
True
Is 97830098701 a composite number?
True
Is 43215494969 prime?
False
Is 472115989 a prime number?
True
Is 59545207417 a composite number?
True
Is 11733551 prime?
False
Is 743929829 a composite number?
False
Is 3170064983 composite?
False
Is 32763763 a composite number?
True
Is 1277038039 a prime number?
False
Is 7589522319 prime?
False
Is 1374381149 prime?
True
Is 2749999901 a composite number?
True
Is 3688082273 a prime number?
False
Is 141699647 a prime number?
True
Is 32180250119 a composite number?
False
Is 92415331 composite?
False
Is 6183682073 a composite number?
False
Is 65869751161 a composite number?
True
Is 5274783071 a prime number?
False
Is 10184055971 prime?
True
Is 1912106681 composite?
False
Is 81880176997 a composite number?
True
Is 18799958497 prime?
False
Is 25403931899 prime?
False
Is 3268930541 prime?
True
Is 21284922193 a composite number?
False
Is 18627112481 composite?
False
Is 9253350881 composite?
True
Is 105227842843 prime?
False
Is 1129253633 composite?
False
Is 241437557 a composite number?
True
Is 1424889047 prime?
False
Is 294140437 a prime number?
False
Is 1610367389 prime?
True
Is 792233759 prime?
False
Is 19949720017 composite?
True
Is 464301997 prime?
False
Is 38252147 prime?
True
Is 23856533147 composite?
False
Is 52961539 composite?
False
Is 8671046819 prime?
False
Is 2834896117 a composite number?
True
Is 19946378469 a prime number?
False
Is 244298833 a composite number?
True
Is 224904397859 composite?
False
Is 772594211 prime?
True
Is 46432273 composite?
True
Is 2847774437 a prime number?
True
Is 1015877491 prime?
False
Is 48628067269 prime?
False
Is 16176858007 a prime number?
False
Is 7543137515 a prime number?
False
Is 84714677401 a composite number?
True
Is 1587973523 a prime number?
True
Is 330946831 prime?
False
Is 2488240655 a prime number?
False
Is 249825689 a composite number?
True
Is 14213930891 a prime number?
False
Is 170702017 composite?
False
Is 27661717259 a prime number?
False
Is 19502274579 a prime number?
False
Is 2212188133 a composite number?
False
Is 1780178399 prime?
True
Is 310808369 a prime number?
False
Is 14240992999 a prime number?
True
Is 487840013 composite?
True
Is 14809462097 a prime number?
False
Is 3754784521 prime?
False
Is 10783595443 composite?
True
Is 2093221483 prime?
True
Is 14849552719 a composite number?
True
Is 199871353491 prime?
False
Is 152972431 a prime number?
False
Is 447012617 a composite number?
False
Is 157757525311 composite?
False
Is 9287505079 composite?
False
Is 1232550799 composite?
False
Is 4094123563 a composite number?
False
Is 287561327 composite?
True
Is 2952140051 composite?
True
Is 19649182859 composite?
False
Is 14706409459 a prime number?
False
Is 6252620599 composite?
False
Is 934137913 composite?
True
Is 1142531837 composite?
True
Is 7576763069 prime?
True
Is 126798954001 a prime number?
True
Is 14605341139 a composite number?
False
Is 135750029 a composite number?
False
Is 483431009 composite?
True
Is 1632588365 a prime number?
False
Is 134772902357 composite?
False
Is 88432785689 composite?
False
Is 4980260231 prime?
True
Is 304605097 a prime number?
True
Is 15462259183 a prime number?
False
Is 157741471 prime?
False
Is 204062447 prime?
False
Is 40169570773 composite?
True
Is 84173411837 composite?
False
Is 99540863 composite?
False
Is 8611586279 composite?
True
Is 63919028311 composite?
True
Is 2182358539 a prime number?
True
Is 1049256947 a prime number?
True
Is 17313287051 a prime number?
True
Is 171810061 a composite number?
True
Is 55550207579 composite?
False
Is 23953222 a prime number?
False
Is 7642190573 prime?
True
Is 2104944053 prime?
False
Is 56501345807 a prime number?
True
Is 844049341 composite?
False
Is 10368464437 a prime number?
True
Is 27991917703 prime?
True
Is 299046481 a c